) = 10*j**2 + 0*j**2 + 8*j**2 - 7*j**2 - 3 - 9*j + 2*j - 12*j**2. Calculate z(i).
-3
Suppose 5*u + 4*b = 8, b + b = 4. Let r be 8/6*(-219)/(-292). Let a(s) = 2 + u - r - s. Determine a(-6).
7
Let n(f) = -f**2 - 10. Let x(b) = -3*b**2 + 16*b + 112. Let m be x(-4). Suppose -2*i = i - 24. Suppose i*v + 4*v - v = m. Determine n(v).
-10
Let i(q) be the first derivative of 5*q**2/2 + 7*q - 1137. Calculate i(0).
7
Let y(h) = -h - 73. Suppose 27 - 24 = -3*m, -3*r - 6*m = 222. Determine y(r).
-1
Let u(g) = 3*g - 85. Let h be u(27). Let a(d) = d. Let l(y) = -2*y - 2. Let t(q) = -a(q) + l(q). What is t(h)?
10
Let g be 0 + (0/4 - -2). Let p(w) = 1 - 19*w**g + 117*w - w**3 + 8*w**2 - 4 - 104*w. Give p(-12).
-15
Let h(w) = -w + 6. Suppose -18 = -2*o - 7*c + 8*c, -c = -2. Suppose o*m = 35*m. Calculate h(m).
6
Let u(x) = x**2 - x. Let k be u(0). Let y(a) = -a + 108. Let g(p) = 25. Let o(l) = 9*g(l) - 2*y(l). Calculate o(k).
9
Suppose -2*s = -63 - 5. Let x = 28 - s. Let g(y) = y**2 - 9*y - 8. Let j(l) = l + 1. Let n(r) = x*j(r) - g(r). Determine n(-2).
-8
Let q be (2*(-49)/(-70))/(2/10). Let d(a) = -8*a + 17. Give d(q).
-39
Let k(f) = -f**3 + 25*f**2 + 30*f - 120. Let y(j) = 3*j**3 - 75*j**2 - 90*j + 383. Let w(i) = -7*k(i) - 2*y(i). What is w(26)?
-30
Let m = -108 - -266. Let c = m - 158. Let o(x) = x**2 - 17. Determine o(c).
-17
Let u(v) be the third derivative of v**4/12 - 13*v**2. Let f(r) = 16*r**2 + 22*r. Let z be f(-1). Give u(z).
-12
Let j = 78 - 80. Let u be -7 - (1 + -5 - j). Let c(d) = -9*d + 6. Let l(a) = -4*a + 3. Let f(q) = 3*c(q) - 7*l(q). Determine f(u).
-8
Suppose -20*h + 365 + 273 = 9*h. Let d(l) = l**3 - 22*l**2 + 2*l + 28. Determine d(h).
72
Let p(q) = q**2 + 8*q - 5. Let z be 1532/12 + (-25)/15. Suppose 0 = -19*h + 13*h - z. Let w be -1*h/3*-1. Determine p(w).
-12
Let a(u) = 4*u**2 + 4*u + 5. Let w be (-190)/4085 + (-168)/86. Determine a(w).
13
Let m(r) = 5*r**2 - 17*r - 6. Let q be (164/(-20) - -1)/(3/(-15)). Let c(y) = 176 - 163 - 2*y**2 - 9*y**2 + q*y. Let j(l) = -4*c(l) - 9*m(l). Calculate j(9).
2
Suppose 3*f - 756 + 624 = 0. Suppose 55 = 11*m - f. Let x(q) = q**3 - 11*q**2 + 13*q + 2. Give x(m).
-43
Let h(i) = -2*i**3 - 2*i**2 + 7. Let z be h(0). Let j(s) = -6*s**3 + 6*s**2 + 6. Let k(f) = -5*f**3 + 6*f**2 + 7. Let c(y) = z*k(y) - 6*j(y). What is c(-6)?
13
Let w = 4048 - 4054. Let r(k) = 2*k + 4. Let z(q) = 2*q + 5. Let o(a) = 3*r(a) - 4*z(a). Give o(w).
4
Suppose -13*t + 666 = 5*t + 756. Let g(y) = -21*y - 9. Give g(t).
96
Let o = -242 - -233. Let s be (0 + -3)*(-15)/o. Let x(y) be the first derivative of y**4/4 + 5*y**3/3 + y**2/2 + 6*y + 3. What is x(s)?
1
Let p be 14/6*(4 - 1) + 4. Let x(m) = -12142 - 2*m**2 - 9*m + p*m**2 + m**3 + 12155. Calculate x(-10).
3
Let u = -4 + 5. Let z(j) = 0*j**2 - j**2 + 0*j + 8*j - 6 - u. Let f(h) = -h**3 - 41*h**2 - 3*h - 116. Let m be f(-41). Calculate z(m).
0
Let k(m) = 32 - 90 + 14 + 0 + 5*m + 43*m + 3*m**2. What is k(-17)?
7
Let q(z) = 26*z - 50. Let h be q(2). Let o(m) = h + 10*m**2 - m + 1 - 7*m**2 - 2*m + m. Determine o(2).
11
Let g be 4/10*10/22 + 10465/(-8855). Let h(x) = -8*x**3 - 4*x**2 - 3*x + 1. Calculate h(g).
8
Let i(w) be the first derivative of -5*w**2/2 - w + 19. Let d be 2 - ((-4 - -2) + -51 - 3). Let b = -60 + d. Calculate i(b).
9
Let v(w) = 46*w - 2 - 85*w + 4 + 14*w + 40*w + 2*w**2 - 5. Suppose -18 = y + 5*a, 3*y - 3*a = a - 16. Give v(y).
5
Let q(m) = -363*m**3 + 869*m**2 + 141*m - 210. Let f(i) = -35*i**3 + 87*i**2 + 14*i - 21. Let c(g) = -21*f(g) + 2*q(g). Give c(10).
1
Let l be 4/(-10) + 66/(-10). Let n(m) = m**3 + 7*m**2 + m + 5. Let f be n(l). Let p(d) be the first derivative of 3*d**2 - d + 1613. What is p(f)?
-13
Let n(t) = -3*t - 8. Let l(b) be the first derivative of 11*b**2/2 + 27*b - 116. Let j(m) = 4*l(m) + 14*n(m). Determine j(10).
16
Let f(g) = 8*g**3 - 22*g**2 - 16*g + 19. Let j(u) = -14*u**3 + 42*u**2 + 31*u - 36. Let z(s) = 9*f(s) + 5*j(s). Give z(-6).
-75
Suppose -16 = -d - 3*d. Suppose -3*f - d*f + 119 = 0. Let p be (-2*(-1)/4)/(f/238). Let k(w) = w**2 - 7*w + 1. Calculate k(p).
1
Let k(h) be the third derivative of -13*h**5/60 + 13*h**4/24 - h**3/2 + h**2 + 117*h. What is k(2)?
-29
Let l(u) = -u**2 + 2*u - 5. Suppose -i + 25*i = 216. Let m be i - ((-31 - 5)/6)/(-2). Calculate l(m).
-29
Let h(p) be the first derivative of p**4/4 + 3*p**3 + 7*p**2 + 10*p - 2686. Give h(-7).
10
Let b be 6/(-4)*(-80)/(-15) + 5. Let o(a) = -2*a + a - 3*a + a. Calculate o(b).
9
Suppose -115 = -8*r + 3*r. Let w(i) = -i**3 + 12*i**2 - 27*i + 4. Let d be w(9). Suppose r = d*p - 1. Let l(f) = -f**3 + 5*f**2 + 8*f - 8. Calculate l(p).
4
Let d(r) = 0*r + 2*r + 1 + 87*r**2 - r - 98*r**2. Let k be 10 + 0/1 + 0. Let f(y) = y**2 - 11*y + 9. Let w be f(k). Give d(w).
-11
Suppose 0 = -10*g + 774 - 844. Let k(f) = -f**2 - 8*f + 19. Let x(z) = z**2 + 8*z - 18. Let p(m) = -3*k(m) - 4*x(m). Give p(g).
22
Let q(t) = t**2 + 7*t + 9. Let z(o) = 6*o + 95. Let l(c) = -4*c - 63. Let u(p) = 8*l(p) + 5*z(p). Let f be u(-11). Give q(f).
9
Let d(n) = -n + 7. Let u be d(0). Let v(t) = t - 2*t**2 - 1 + t**3 + 9*t**2 + 4 - 10 - 6*t**2 - 8*t**2. Determine v(u).
0
Let i(l) = -5*l**3 + 4*l**2 - 3*l - 4. Let a(r) = -3*r**3 + 3*r**2 - 2*r - 3. Let w(f) = -3*a(f) + 2*i(f). Let p(g) = g - 3. Let x be p(1). Calculate w(x).
5
Let x(u) = -u - 12. Suppose -13*n - 5 + 18 = 104. What is x(n)?
-5
Let y(v) = -25*v + 65. Suppose 5*q - 3*i = q - 26, -4*i + 18 = -2*q. Let a(w) = -16*w + 43. Let x(l) = q*y(l) + 8*a(l). Give x(8).
-5
Let t(v) be the first derivative of v**4/4 + 8*v**3/3 - 7*v**2/2 + 17*v + 807. Give t(-9).
-1
Let k(o) = 9*o + 3*o + 26*o**2 - 67*o**2 + 15*o**2 + 27*o**2. Let x(z) = z**2 + 11*z + 1. Let y = -4 - -7. Let u(r) = y*k(r) - 4*x(r). What is u(-6)?
8
Let u(f) = 5*f**2 - 2409*f + 4913*f - 2500*f - f**3 + 13. What is u(7)?
-57
Suppose 0 = -13*n + 20*n - 252. Suppose 13*v = 11*v + 4*s + 12, 0 = -4*v - 4*s - n. Let d(z) = 3*z + 3. Calculate d(v).
-9
Let p(v) be the first derivative of -v**3/3 + 6*v**2 - 9*v + 1. Let n(h) = 2*h**2 + 149*h - 3547. Let t be n(19). Give p(t).
27
Let l = -231 + 542. Let w = -323 + l. Let q(g) = g**3 + 11*g**2 - 13*g - 15. Give q(w).
-3
Let f be 8/(-10) + 1 - 3381/(-345). Let m(r) = -r**3 + 11*r**2 - 11*r + 14. What is m(f)?
4
Suppose 2*f = -y - 2*f + 19, 0 = 3*y + 2*f - 17. Let h(l) = -416*l + 141*l + 4 - 2*l**2 + 135*l + 143*l. Give h(y).
-5
Let l be (-2)/(-6)*(-15)/5. Let v be (-6)/(-15) + 52/20. Let b(z) = -5*z**3 - v*z**2 + 2 - 3 + 3*z**2. Calculate b(l).
4
Let v(l) = -23*l - 84. Let g be (4 + -1)*(-20)/15. Let p be v(g). Let z(u) = -3*u - 2. Give z(p).
-26
Suppose 6*g = 4*u + g + 28, -8*g + 6*g = 0. Let m(k) = 2*k**2 + 11*k - 15. Calculate m(u).
6
Let p(n) = 11*n - 145*n + 135*n - 11. Calculate p(-8).
-19
Let l = 220 - 193. Let c(s) = 0*s - l + 2*s + 36. What is c(-7)?
-5
Let x(g) = g**2 - g + 100. Let t be x(0). Let f = t - 96. Let s(p) = -p**2 + 4*p + 8. Give s(f).
8
Let b(d) = -2*d**3 - 7*d**2 + 7*d - 10. Let m(u) = -u**3. Let z(j) = -b(j) + 3*m(j). What is z(6)?
4
Let g(d) = d + 5. Let i(v) = -v - 8. Let q be i(-8). Suppose 0 = 4*m - 2*n + 6, -m = -q*m + n - 6. Suppose -m = b, 10 = -l - b + 2. What is g(l)?
-2
Let m(f) = f**2 + 9*f + 10. Let u(j) = -2*j + 18. Let q be u(8). Suppose -5*d - 45 = -q*d. Let w be -21*(d/(-18))/(-5)*-2. What is m(w)?
-4
Let n(a) = a**2 - 2*a - 4. Let c(z) = -2 + 200*z**2 + 10*z - 197*z**2 + 12. Let s(w) = -4*w**2 - 9*w - 11. Let x(o) = 6*c(o) + 5*s(o). Let q be x(8). Give n(q).
11
Let t(k) be the first derivative of -k**4/4 + 11*k**3/3 - 5*k**2/2 - 21*k - 1675. Determine t(10).
29
Suppose -5*s - 26 = -5*p + 9, 3*s + 3 = p. Suppose -p*o = -4*o + 5. Let t(r) = -2*r + 5*r - 2*r + 2*r**3 - r**2 + 3*r**3 + 1. Give t(o).
-6
Suppose -k + 3*b = k + 23, 0 = 2*k + b + 27. Let d(o) = -121 + 306 - 84 + 15*o - 16*o - 113. Give d(k).
1
Suppose -2*m = -7*m - 2*u - 1050, -2*u = 2*m + 420. Let t = m - -201. Let a(b) = 3*b + 18. What is a(t)?
-9
Let q(j) = -2*j - 11. Let h(b) = 4*b + 20. Let g(f) = -3*h(f) - 5*q(f). Suppose 9 = -3*n + 3*w, n + 10 = 2*w + 8. Give g(n).
3
Suppose 5*a - t = 4 + 21, -2*t + 10 = 2*a. Suppose 0 = -5*w + a - 0. Let j(f) = -7*f - 1. Determine j(w).
-8
Let s(l) = -10*l + 24. Let o(j) be the third derivative of -j**4/12 + 5*j**3/6 